ird derivative of -j**5/60 + 5*j**4/24 - j**3/3 + 895*j**2 + 2*j. Give q(g).
-8
Let x(d) = 4*d**3 + 24*d**2 + 3*d - 5. Let f(p) = p**3 + 8*p**2 - 2. Let q(h) = 7*f(h) - 2*x(h). Calculate q(7).
3
Let x(t) be the third derivative of 0*t + 1/24*t**4 + 5*t**2 + 0 + 0*t**3 - 1/60*t**5. Suppose -3*h = w - 2*h, 20 = -5*h. Give x(w).
-12
Let z(r) be the first derivative of 44*r**2 + 14 - 57*r**2 + 4 + 15 + r. Give z(1).
-25
Let p(h) = -11 + 45*h - h**3 - 30*h + 13*h**2 + 5 - 10. What is p(14)?
-2
Let d(r) = -2*r**2 + 9*r + 6. Let f(c) = -2*c - 1. Let o(m) = d(m) + 4*f(m). Calculate o(-2).
-8
Let w(s) = -4*s. Let l = 53 + -50. Suppose 5*q = 12 + l. Calculate w(q).
-12
Let k(a) = -5*a - 1. Let j = -31 - -33. Let z be 2/(-10) - 31/(-5). Suppose -4*v = z - j. What is k(v)?
4
Let a(g) be the first derivative of g**3/6 + 2*g + 17. Let c(r) be the first derivative of a(r). Calculate c(2).
2
Suppose -4*r - 5*n = 268, 5*r + 5*n + 466 = 126. Let h = -73 - r. Let d(y) = 13*y**2 + y + 1. Determine d(h).
13
Suppose -c + 6*c = i - 94, 4*i = -4. Let a = c + 19. Let k(y) be the second derivative of y**5/20 - y**4/12 + y**3/6 - 3*y**2 + 2*y. Determine k(a).
-6
Let a(z) = -2*z**2 + 2*z + 5. Let q be a(-4). Let h be ((-2)/4 - -1) + q/10. Let j(l) = -l - 1. Let c(f) = -2*f - 5. Let m(s) = c(s) - j(s). What is m(h)?
-1
Let w(a) = a**2 + a + 12. Let j(n) = -n**2 + 6*n + 2. Let z be j(6). Suppose 0*g = -z*g - 2*g. Calculate w(g).
12
Let c(b) be the third derivative of 0 + 27*b**2 + 1/60*b**5 + 0*b + 1/2*b**3 + 5/24*b**4. Determine c(-5).
3
Let q(z) = -12*z + 28. Let m be q(8). Let c = m - -61. Let f(p) = p**3 + 7*p**2 - p - 5. Calculate f(c).
2
Suppose -3949*c + 3953*c - 24 = 0. Let v(m) = -2*m + 15. What is v(c)?
3
Let s = 424 + -433. Let d(a) = -3*a - 11. Give d(s).
16
Let u = 2182 + -2209. Let s(m) = -m**2 - 27*m + 3. Determine s(u).
3
Let c(p) = p**3 + 4*p**2 - 1. Let k be c(-3). Suppose 0 = -5*u + 2 + k. Let t(l) = 5 - 4*l + l + u*l. Give t(7).
-2
Let q(u) be the third derivative of u**5/60 + u**4/4 + u**3/2 + 101*u**2. What is q(-5)?
-2
Let b(l) = 12*l**2. Let p(s) = 4*s - 8. Let y(k) = -k. Suppose 2*d - 2 = -4. Let h(g) = d*p(g) - 5*y(g). Let u be h(-9). Calculate b(u).
12
Let b(y) = -5*y**2 + 7 + 4*y**2 - 4*y + 11*y. Let f be (-232)/(-24) - (-20)/(-12). What is b(f)?
-1
Suppose -59*l = -62*l - 6. Let n(f) be the first derivative of f**2/2 + f + 4. What is n(l)?
-1
Let o = 46 - 39. Let f = o - 10. Let a(d) = -d**3 - 4*d**2 - 3*d. What is a(f)?
0
Let b(l) = 0*l - 4 + 1 - l**2 + 6*l - 10*l. Let m = 5 + -5. Suppose -3*d - 1 - 5 = m. Determine b(d).
1
Let f(l) be the second derivative of -2*l**2 + 5/6*l**3 + 0 - 7/12*l**4 + 1/20*l**5 + 2*l. Suppose 7 = -v - 5*b - 2, 3*b + 3 = -v. Give f(v).
-10
Let r(m) = m**2 - 8*m + 5. Let v be (-3 - -33)/(0 - (-3)/(-2)). Let x be 6/18 + v/(-3). What is r(x)?
-2
Let m(r) = -716*r**3 + 37*r + 732*r**3 - 36*r. Determine m(1).
17
Let m = -49 - -56. Let c(u) = -9*u + 22*u - m*u + 23*u**2 - 5*u. What is c(1)?
24
Let u = 35 + -32. Let k(w) = -u*w + w + 5*w. Give k(-4).
-12
Let t(z) = -3 - 30 + z**2 + 55*z - 55*z. Calculate t(-6).
3
Let w(k) = -27*k + 17. Let d(s) = 30*s - 19. Let f(z) = -5*d(z) - 6*w(z). Give f(1).
5
Let a = -38 - -42. Suppose 0 = -2*w + a*o + 6, 0*o - 2*o = w + 9. Let d(x) = 3*x - 2. What is d(w)?
-11
Let i(y) = -19*y**2 + 590*y - 569*y - y**3 + 28 + 1. What is i(-20)?
9
Let t(z) = 4*z + 83. Let a be t(-22). Let y(j) = j**2 + 5*j - 2. What is y(a)?
-2
Let n(l) = l + 1. Let m be (9 + -3)*(0 + 1). Let o(z) = -z**3 + 5*z**2 + 3*z - 9. Let u be o(m). Let h = u + 21. Give n(h).
-5
Let h(b) = -15*b**2 + 14*b + 6. Let s(x) = 5*x**2 - 5*x - 2. Let n(z) = -6*h(z) - 17*s(z). Let v(u) = -u**2 - u - 1. Let l(f) = n(f) + 4*v(f). Calculate l(5).
4
Let c(g) = g + 9. Let o(u) = -u**3 - 5*u**2 - 3*u - 1. Let t be o(-4). Let v = t - -5. Let b be (v/(-7))/(-3*1). Give c(b).
9
Let j(n) be the second derivative of 19*n**4/24 + 9*n**2/2 + 12*n. Let h(r) be the first derivative of j(r). What is h(1)?
19
Let i = 11 - 6. Let n(f) = 5*f**3 - 4*f - 4. Let r(c) = c**3 + c**2. Let q(j) = n(j) - 4*r(j). What is q(i)?
1
Let m(o) = 2*o**3 + o**2 + o + 1. Let i be m(-1). Let t(b) = b**3 + b. Let v(h) = -2*h**3 + 7*h**2 - 2*h + 2. Let a(w) = i*t(w) - v(w). Determine a(7).
5
Let b(u) be the first derivative of 9*u**2/2 + u - 378. Determine b(-2).
-17
Let m = 31 + -29. Let f(o) = m*o - 3 + 0 - 8 - o. What is f(5)?
-6
Let h(t) = 1559*t - 799*t - 777*t + 27 + t**2. Give h(15).
-3
Let h(t) = -t**3 - t - 9. Suppose -2*a = -0*a + 34. Let p = 19 + a. Let j be 8 - 7 - (-1 + p). Calculate h(j).
-9
Let k(f) = -4*f + 11. Let r(h) = 9*h - 23. Let v(i) = 5*k(i) + 2*r(i). Let z be (-2)/4 + (-50)/(-4). Suppose 3*u + z = 5*u. Calculate v(u).
-3
Let n(p) = 265 - 131 - p**3 - 3*p**3 + 3*p - 132. Determine n(-1).
3
Suppose -3 - 1 = -2*b. Let o(w) = -w**2 + 3*w + b + 3 - 3*w + w. Determine o(4).
-7
Suppose -115 = -x - 120. Let r(b) = -4*b**2 + 3*b + 3. Let z(h) = -2 + 6*h**2 + 0 - 2*h - 3*h**2. Let v(g) = x*z(g) - 4*r(g). What is v(5)?
13
Let l(u) = 3*u**3 + 5*u**2 - u - 2. Let o(s) = s**3 + s**2 + 1. Let j(w) = -l(w) + 2*o(w). Let x(q) = q**2 + 14*q - 19. Let z be x(-15). Determine j(z).
16
Let v(g) be the first derivative of -g**4/4 + 10*g**3/3 + 6*g**2 - 14*g - 430. What is v(11)?
-3
Let q(n) be the second derivative of 0*n**3 - 1/20*n**5 - 5*n**2 + 0 + 11*n - 2/3*n**4. What is q(-8)?
-10
Let u(m) = 1 + 0 - 2*m**2 - 12*m + 12*m + 2*m**3. Suppose -3*z + 3 = -5*w + z, -3*w = -z - 1. Determine u(w).
1
Suppose -5*h + v + 14 = 1, -5*v = -h - 7. Suppose 3*m - h = 6. Suppose 2*o + 3*j + 1 = m*o, j - 9 = -2*o. Let x(k) = -k. Determine x(o).
-4
Let g(d) = -2*d**2 - 20*d - 6. Let i be g(-10). Let m(c) = -c**2 - 2*c - 1. Let j(r) = -r. Let p(t) = -4*j(t) - m(t). What is p(i)?
1
Suppose 16*h + 10*h = 52. Let s(z) = 7*z - 3. Determine s(h).
11
Let x = 9 - 7. Suppose x*h = 5*h - 24. Let j(f) = 5 + 10*f + 2 + 2*f - h. Calculate j(-1).
-13
Let y(m) = -4*m + 1. Suppose 2*k = r + 6, -k + 12 = r + 3*r. What is y(r)?
-7
Let o(w) = -w**2 - 7*w - 8. Suppose d - 5*l = -20, 26 = d - 3*d + 3*l. Let a(j) = -j**2 + 13*j - 26. Let z be a(2). Let h = d - z. Determine o(h).
-2
Let j(s) be the third derivative of -s**7/840 - s**6/60 + s**5/120 + s**4/24 - 7*s**3/3 - 2*s**2. Let p(v) be the first derivative of j(v). Give p(-6).
-5
Suppose 13 = 2*j - 11. Suppose 2*a = 2*u - j, -u - 26 = -2*u + 5*a. Let d(g) = 3*g + 1. Determine d(u).
4
Let w(t) = t + 11. Let r(a) = 3. Let z(l) = -4*r(l) + w(l). Determine z(-6).
-7
Let z be (1/(18/132))/((-6)/(-9)). Let r(c) = 4 - 21*c + z*c + 8*c. Let i be (6/4)/(1/2). Determine r(i).
-2
Let v(d) be the third derivative of -34*d**2 + 0*d + 0 - 1/2*d**3 - 1/8*d**4. Let u = 5 + -9. What is v(u)?
9
Let f = -4 + 2. Let y(x) be the second derivative of -x**3/2 - x**2/2 - 31*x - 5. Give y(f).
5
Let s(b) = -b - 3. Suppose 27 = y - 8. Let j = y + -35. Calculate s(j).
-3
Let n(j) be the second derivative of -j**3/3 - 3*j**2 - 10*j. Let l be n(-3). Let y(o) = o**2 + o + 17. Determine y(l).
17
Let q(j) = 3*j + 10. Let a be q(-3). Let b(z) = -23*z**2 + z. What is b(a)?
-22
Suppose -5*q + 0*q + 40 = 5*r, -4*r + 2 = -q. Let p(n) be the third derivative of -n**6/120 + 7*n**5/60 - 3*n**4/8 + n**3/6 + 14*n**2 + 4. Give p(q).
-17
Let c(x) = -x - 5. Let l = 313 - 313. What is c(l)?
-5
Suppose -5*i + 59 = -4*l, 4*l + 4 = -0*l. Let t(y) = 5*y - 12. Let j(w) = 14*w - 36. Let g(m) = i*t(m) - 4*j(m). Give g(6).
6
Let z be ((-4)/(-2) - 22) + (-24)/8. Let w(y) = -y**3 - 23*y**2 + y + 16. Give w(z).
-7
Let q(n) = 3*n - 9. Let a = 454 - 457. Give q(a).
-18
Let c(p) = p**2 - 2*p - 2. Let u be 3/(1 + 4/(-6)). Let k be (-6)/(-3 - -15) - u/(-2). Determine c(k).
6
Let x(j) = -5*j + 15 - 4 + 3*j**2 - 10*j**2 - j**3 - 17. Give x(-6).
-12
Let b(y) = -y**3 - y + y**3 - 2*y**2 - 6*y**3 - 9. Let i(n) = n**2 - 154 + 163 + n + 0*n**2 + 7*n**3. Let c(h) = 6*b(h) + 5*i(h). Determine c(-7).
-2
Let s(c) = 2*c**2 - 5*c + 15*c + 0*c - c**2 - 5. What is s(-11)?
6
Let c be (6/(-5))/(6 - (-585)/(-100)). Let n(p) = -p**3 - 6*p**2 + 15*p - 6. What is n(c)?
2
Let o = 27 - 22. Let f(c) = c**2. Let z(w) = -4*w**2 - 4*w. Let j(v) = o*f(v) + z(v). Give j(4).
0
Let q(f) be the third derivative of -f**6/30 - f**4/12 - f**3/6 +